{"id":229,"date":"2021-02-10T11:28:04","date_gmt":"2021-02-10T11:28:04","guid":{"rendered":"http:\/\/xn--brgerverein-miteinander-freinander-btdy.de\/?page_id=229"},"modified":"2025-04-15T12:57:04","modified_gmt":"2025-04-15T12:57:04","slug":"der-buergerverein-in-den-medien","status":"publish","type":"page","link":"http:\/\/xn--brgerverein-miteinander-freinander-btdy.de\/?page_id=229","title":{"rendered":"Presseberichte \/ Feedback"},"content":{"rendered":"\n<p>RNZ vom 2. April 2025<\/p>\n\n\n\n<h4 class=\"wp-block-heading\">Gebrauchte Windeln in duftenden B\u00e4rlauchfeldern<\/h4>\n\n\n\n<p><strong>B\u00fcrgerverein Neckarzimmern sammelte mit Ehrenamtlichen M\u00fcll \u2013 Die Reaktionen reichten von Kopfsch\u00fctteln bis Entt\u00e4uschung<br>Von Dorothea Damm<\/strong><br><br>Neckarzimmern. Autoreifen, Rohre, Verpackungen und viele Flaschen haben sie gefunden. Im gesamten Gemeindegebiet sah man die Ehrenamtlichen mit den orangenen Jacken an den Stra\u00dfenr\u00e4ndern arbeiten. \u201eUns ist es wichtig, ein Zeichen zu setzen\u201c, betonte Frank May, der Vorsitzende des B\u00fcrgervereins \u201eMiteinander-f\u00fcreinander\u201c aus Neckarzimmern.<br>Viele M\u00fclls\u00e4cke wurden an diesem Tag im Wald an der Luttenbachtalstra\u00dfe und im Neckarvorland gef\u00fcllt. \u201eBesonders vom vergangenen Hochwasser h\u00e4ngt noch viel M\u00fcll in den B\u00fcschen im Uferbereich\u201c, erkl\u00e4rte Frank May. An den H\u00e4ngen der Luttenbachtalstra\u00dfe k\u00e4mpfte sich Brigitte Keller durch das Unterholz. Immer h\u00f6her stieg sie in dem steilen Gel\u00e4nde, weil immer weiter oben noch eine Flasche in den Zweigen hing. \u201eIch mache hier unter Einsatz meines Lebens alles sauber\u201c, sagte die engagierte Rentnerin lachend. \u201eZehn Mann kann man da einen ganzen Tag besch\u00e4ftigen\u201c, sagten Markus Schulz und Hubert Joos, die am selben Hang arbeiteten.<br>Zangen und M\u00fclls\u00e4cke wurden den Helferinnen und Helfern vom Bauhof zur Verf\u00fcgung gestellt und auch die Firma Inast unterst\u00fctzte das gemeinn\u00fctzige Projekt. Die Pizza, die sich alle nach der Arbeit im Bauhof schmecken lassen durften, wurde von dem Unternehmen finanziert. B\u00fcrgermeister Christian Stuber, der selbst den ganzen Vormittag aktiv dabei war, freute sich \u00fcber das gro\u00dfe Engagement der Einwohner. \u201eWir hoffen auch immer, dass es Leute abschreckt, etwas einfach in die Natur zu werfen, wenn sie von solchen Aktionen h\u00f6ren.\u201c<br>Mithilfe von Pl\u00e4nen wurden den Beteiligten ihre \u201eEinsatzgebiete\u201c zugewiesen. Susanne Debus und Tina Kratschmann waren oberhalb Neckarzimmerns im Wald unterwegs. Abgek\u00e4mpft kamen die beiden Frauen als letzte zur\u00fcck zum Bauhof. \u201eWir haben es nicht ann\u00e4hernd geschafft, den ganzen M\u00fcll mitzunehmen\u201c, berichtete Kratschmann entt\u00e4uscht. \u201eDa liegen gebrauchte Windeln zwischen den sch\u00f6nen B\u00e4rlauchfeldern\u201c, berichtete Debus. Und sogar einen K\u00fchlschrank habe man gefunden. \u201eSchade, dass sich heute nicht mehr Menschen an der Aufr\u00e4umaktion beteiligen\u201c, erg\u00e4nzte sie. Ihr Vorschlag: Nach einem weiteren Termin suchen, damit noch mehr M\u00fcll gesammelt werden kann und auch noch mehr Leute dabei sein k\u00f6nnen.<br>Die Frage, die man sich bei der Aktion stellte: Woher kommt der viele M\u00fcll? Vor allem Hundekott\u00fcten sorgten f\u00fcr Kopfsch\u00fctteln. \u201eWie kann das sein, dass jemand zwar den Hundehaufen einsammelt, dann aber T\u00fcte und Hundehaufen einfach in die Natur wirft?\u201c, fragten sich die Beteiligten. \u201eDa kann man doch einfach zum M\u00fclleimer laufen, auch wenn das vielleicht einen kleinen Umweg bedeutet.\u201c B\u00fcrgermeister Stuber bedankte sich f\u00fcr den Einsatz der flei\u00dfigen Helfer. \u201eSolche Aktionen sind wichtig und vielleicht motivieren sie den ein oder anderen, wenigstens den eigenen M\u00fcll ordnungsgem\u00e4\u00df zu entsorgen.\u201c<\/p>\n\n\n\n<figure class=\"wp-block-image size-large\"><img loading=\"lazy\" decoding=\"async\" width=\"1024\" height=\"780\" src=\"http:\/\/xn--brgerverein-miteinander-freinander-btdy.de\/wp-content\/uploads\/2025\/04\/Image-1-1-1024x780.png\" alt=\"\" class=\"wp-image-498\" srcset=\"http:\/\/xn--brgerverein-miteinander-freinander-btdy.de\/wp-content\/uploads\/2025\/04\/Image-1-1-1024x780.png 1024w, http:\/\/xn--brgerverein-miteinander-freinander-btdy.de\/wp-content\/uploads\/2025\/04\/Image-1-1-300x229.png 300w, http:\/\/xn--brgerverein-miteinander-freinander-btdy.de\/wp-content\/uploads\/2025\/04\/Image-1-1-768x585.png 768w, http:\/\/xn--brgerverein-miteinander-freinander-btdy.de\/wp-content\/uploads\/2025\/04\/Image-1-1.png 1200w\" sizes=\"auto, (max-width: 1024px) 100vw, 1024px\" \/><\/figure>\n\n\n\n<p><span data-olk-copy-source=\"MessageBody\">Man war erfolgreich \u2013 wollte es aber gar nicht sein. Der B\u00fcrgerverein Neckarzimmern hatte zur M\u00fcllsammelaktion eingeladen. Foto: D. Damm<\/span><\/p>\n\n\n\n<hr class=\"wp-block-separator has-alpha-channel-opacity\"\/>\n\n\n\n<p><strong>R\u00fcckmeldung vom Kindergarten Neckarzimmern (Sandra Kretz, Leiterin des Kindergartens)<\/strong><br>Der B\u00fcrgerverein sponsort den Kindergarten mit verschiedenen Aktionen jedes Jahr; z.B. mit M\u00e4rchenerz\u00e4hlerinnen. <\/p>\n\n\n\n<p><img decoding=\"async\" width=\"678px;\" height=\"720px;\" src=\"https:\/\/lh7-rt.googleusercontent.com\/slidesz\/AGV_vUfgcfVaBy9XCa_hUO6A8W0SsYFkgVI74N4rSiecVCmEW6qgGaDaUnfVfpY3_hYmkylWOa7budzPsoj2_8jssBNzSC8IaA0OhwdMrDOAzgHGGZF7D6O90-0qT-HmTqPGIIeAKJruC5uNdok7YsnXsfo=s2048?key=IpOFszF7Wt20n68-vESEH2KG\" alt=\"Ein Bild, das Weihnachtsbaum, Kleidung, Baum, Person enth\u00e4lt.\n\nKI-generierte Inhalte k\u00f6nnen fehlerhaft sein.\"><\/p>\n\n\n\n<p><\/p>\n\n\n\n<p>Hallo Frank. Ihr seid echt so toll. Was ihr euch f\u00fcr Gedanken macht, um den Kindern und uns eine sch\u00f6ne Zeit zu erm\u00f6glichen. Ihr seid der Hammer. Dann lassen wir die M\u00e4rchen Erz\u00e4hlerinnen immer passend zur Jahreszeit kommen. Also viermal. Haben extra das Thema M\u00e4rchen mit den Kids ausgew\u00e4hlt als Thema die n\u00e4chsten Monate. Auch das mit den B\u00fcchern ist eine prima Idee. \u00dcber jemanden der einen Lesepate w\u00e4re der ehrenamtlich kommt und vorliest freuen wir uns riesig. \u2026\u2026\u2026\u2026\u2026\u2026\u2026. Aber wir sind begeistert, wie ihr uns unterst\u00fctzt. Habt tausend Dank.&nbsp;<\/p>\n\n\n\n<p>Richte mal ganz liebe Gr\u00fc\u00dfe aus an alle Mitglieder des B\u00fcrgervereins.<br>Lg Sandra.<\/p>\n","protected":false},"excerpt":{"rendered":"<div class=\"entry-summary\">\nRNZ vom 2. April 2025 Gebrauchte Windeln in duftenden B\u00e4rlauchfeldern B\u00fcrgerverein Neckarzimmern sammelte mit Ehrenamtlichen M\u00fcll \u2013 Die Reaktionen reichten von Kopfsch\u00fctteln bis Entt\u00e4uschungVon Dorothea Damm Neckarzimmern. Autoreifen, Rohre, Verpackungen und viele Flaschen haben sie gefunden. Im gesamten Gemeindegebiet sah&hellip;\n<\/div>\n<div class=\"link-more\"><a href=\"http:\/\/xn--brgerverein-miteinander-freinander-btdy.de\/?page_id=229\" class=\"more-link\">Continue reading<span class=\"screen-reader-text\"> &ldquo;Presseberichte \/ Feedback&rdquo;<\/span>&hellip;<\/a><\/div>\n","protected":false},"author":2,"featured_media":0,"parent":35,"menu_order":1,"comment_status":"closed","ping_status":"closed","template":"","meta":{"footnotes":""},"class_list":["post-229","page","type-page","status-publish","hentry","entry"],"_links":{"self":[{"href":"http:\/\/xn--brgerverein-miteinander-freinander-btdy.de\/index.php?rest_route=\/wp\/v2\/pages\/229","targetHints":{"allow":["GET"]}}],"collection":[{"href":"http:\/\/xn--brgerverein-miteinander-freinander-btdy.de\/index.php?rest_route=\/wp\/v2\/pages"}],"about":[{"href":"http:\/\/xn--brgerverein-miteinander-freinander-btdy.de\/index.php?rest_route=\/wp\/v2\/types\/page"}],"author":[{"embeddable":true,"href":"http:\/\/xn--brgerverein-miteinander-freinander-btdy.de\/index.php?rest_route=\/wp\/v2\/users\/2"}],"replies":[{"embeddable":true,"href":"http:\/\/xn--brgerverein-miteinander-freinander-btdy.de\/index.php?rest_route=%2Fwp%2Fv2%2Fcomments&post=229"}],"version-history":[{"count":18,"href":"http:\/\/xn--brgerverein-miteinander-freinander-btdy.de\/index.php?rest_route=\/wp\/v2\/pages\/229\/revisions"}],"predecessor-version":[{"id":499,"href":"http:\/\/xn--brgerverein-miteinander-freinander-btdy.de\/index.php?rest_route=\/wp\/v2\/pages\/229\/revisions\/499"}],"up":[{"embeddable":true,"href":"http:\/\/xn--brgerverein-miteinander-freinander-btdy.de\/index.php?rest_route=\/wp\/v2\/pages\/35"}],"wp:attachment":[{"href":"http:\/\/xn--brgerverein-miteinander-freinander-btdy.de\/index.php?rest_route=%2Fwp%2Fv2%2Fmedia&parent=229"}],"curies":[{"name":"wp","href":"https:\/\/api.w.org\/{rel}","templated":true}]}}