{"id":24,"date":"2020-06-01T20:34:20","date_gmt":"2020-06-01T20:34:20","guid":{"rendered":"http:\/\/xn--brgerverein-miteinander-freinander-btdy.de\/?page_id=24"},"modified":"2025-11-28T16:56:45","modified_gmt":"2025-11-28T16:56:45","slug":"ueber-uns","status":"publish","type":"page","link":"http:\/\/xn--brgerverein-miteinander-freinander-btdy.de\/","title":{"rendered":"\u00dcber uns"},"content":{"rendered":"\n<h4 class=\"wp-block-heading\"><strong>Warum ein B\u00fcrgerverein?<\/strong><\/h4>\n\n\n\n<p>Im Laufe der vergangenen Jahre wurden Veranstaltungen in Neckarzimmern durchgef\u00fchrt, deren Erl\u00f6se in Not geratenen Mitb\u00fcrgern zugute kam. Die Veranstaltungen waren gut besucht, so dass man sich entschied diese wiederholt durchzuf\u00fchren. Das bedeutet, es wird auch zuk\u00fcnftig Einnahmen geben, die f\u00fcr wohlt\u00e4tige und gemeinn\u00fctzige Zwecke verwendet werden sollen. Es hat sich jedoch gezeigt, dass es nicht so einfach ist, erzielte Einnahmen als Spende weiterzugeben. Dies muss bei uns in Deutschland genau geregelt sein, wof\u00fcr es auch nachvollziehbare Gr\u00fcnde gibt. Ein Weg, der solche Vorhaben erleichtert, ist die Gr\u00fcndung eines Vereins. \u00dcber einen Verein hat man die M\u00f6glichkeit Spenden von Mitb\u00fcrgern entgegen zu nehmen (Spendenbescheinigung), korrekt zu verwalten und diese gezielt einem bestimmten Verwendungszweck zukommen zu lassen. <br>D.h. unser Verein ist auch allen dankbar, die eine Spende machen m\u00f6chten.<\/p>\n\n\n\n<h4 class=\"wp-block-heading\">Wie entscheiden wir wer Unterst\u00fctzung erh\u00e4lt?<\/h4>\n\n\n\n<p>Hierbei sind alle B\u00fcrger gefragt den Verein aktiv zu unterst\u00fctzen. In einigen F\u00e4llen ist es bekannt was der Person \/ den Personen widerfahren ist und eine Hilfe kann direkt angedacht werden. <br>Oft sind Personen jedoch in Not geraten, die nicht dar\u00fcber sprechen wollen. Hierbei ist es hilfreich, wenn Freunde, Bekannte und Nachbarn dem Verein einen Hinweis geben, der selbstverst\u00e4ndlich vertraulich behandelt wird. <br>Der Verein besitzt ein Gremium (Beirat), das Vorschl\u00e4ge bewertet und eine Entscheidung trifft, ob und in welchem Ma\u00df eine Unterst\u00fctzung geleistet werden kann.<\/p>\n\n\n\n<p class=\"has-text-align-left\">Ein ganz wichtiges Ziel des Vereins ist es, <strong>Transparenz<\/strong> dar\u00fcber zu schaffen, wo bestimmte Gelder hinflie\u00dfen. <br>Es ist uns allen schon einmal passiert, dass wenn wir etwas spenden wollen, der Gedanke aufkommt, wo das gespendete Geld wohl landen wird. Dies soll nicht passieren. Der Verein wird st\u00e4ndig in den Ortsnachrichten dar\u00fcber berichten, was mit dem Geld passiert ist und einmal im Jahr einen Kassenbericht ver\u00f6ffentlichen. <br>Im Falle, dass ein Spendenempf\u00e4nger gerne anonym bleiben m\u00f6chte, wird der Sachverhalt beschrieben und wie die Unterst\u00fctzung aussah. Namen werden nicht genannt. Durch den Verein soll das gelebte Gemeinschaftsdenken in unserer Gemeinde bestehen bleiben und idealerweise noch ausgebaut werden. Deshalb auch der Name des B\u00fcrgervereins:<\/p>\n\n\n\n<p class=\"has-text-align-center\"><strong>\u201amiteinander \u2013 f\u00fcreinander e.V.\u2018 <\/strong><\/p>\n","protected":false},"excerpt":{"rendered":"<div class=\"entry-summary\">\nDer B\u00fcrgerverein &#8218;miteinander &#8211; f\u00fcreinander&#8216; ist einer der j\u00fcngeren Vereine der Gemeinde Neckarzimmern.<br \/>\nEr wurde am 2. August 2018 gegr\u00fcndet.\n<\/div>\n<div class=\"link-more\"><a href=\"http:\/\/xn--brgerverein-miteinander-freinander-btdy.de\/\" class=\"more-link\">Continue reading<span class=\"screen-reader-text\"> &ldquo;\u00dcber uns&rdquo;<\/span>&hellip;<\/a><\/div>\n","protected":false},"author":1,"featured_media":0,"parent":0,"menu_order":1,"comment_status":"closed","ping_status":"closed","template":"","meta":{"footnotes":""},"class_list":["post-24","page","type-page","status-publish","hentry","entry"],"_links":{"self":[{"href":"http:\/\/xn--brgerverein-miteinander-freinander-btdy.de\/index.php?rest_route=\/wp\/v2\/pages\/24","targetHints":{"allow":["GET"]}}],"collection":[{"href":"http:\/\/xn--brgerverein-miteinander-freinander-btdy.de\/index.php?rest_route=\/wp\/v2\/pages"}],"about":[{"href":"http:\/\/xn--brgerverein-miteinander-freinander-btdy.de\/index.php?rest_route=\/wp\/v2\/types\/page"}],"author":[{"embeddable":true,"href":"http:\/\/xn--brgerverein-miteinander-freinander-btdy.de\/index.php?rest_route=\/wp\/v2\/users\/1"}],"replies":[{"embeddable":true,"href":"http:\/\/xn--brgerverein-miteinander-freinander-btdy.de\/index.php?rest_route=%2Fwp%2Fv2%2Fcomments&post=24"}],"version-history":[{"count":16,"href":"http:\/\/xn--brgerverein-miteinander-freinander-btdy.de\/index.php?rest_route=\/wp\/v2\/pages\/24\/revisions"}],"predecessor-version":[{"id":526,"href":"http:\/\/xn--brgerverein-miteinander-freinander-btdy.de\/index.php?rest_route=\/wp\/v2\/pages\/24\/revisions\/526"}],"wp:attachment":[{"href":"http:\/\/xn--brgerverein-miteinander-freinander-btdy.de\/index.php?rest_route=%2Fwp%2Fv2%2Fmedia&parent=24"}],"curies":[{"name":"wp","href":"https:\/\/api.w.org\/{rel}","templated":true}]}}