{"id":31,"date":"2020-06-01T20:51:22","date_gmt":"2020-06-01T20:51:22","guid":{"rendered":"http:\/\/xn--brgerverein-miteinander-freinander-btdy.de\/?page_id=31"},"modified":"2023-03-15T14:15:02","modified_gmt":"2023-03-15T14:15:02","slug":"kontakt","status":"publish","type":"page","link":"http:\/\/xn--brgerverein-miteinander-freinander-btdy.de\/?page_id=31","title":{"rendered":"Kontakt"},"content":{"rendered":"\n<p>Hier finden Sie unser Kontaktformular. Sie k\u00f6nnen hier auf B\u00fcrger aufmerksam machen, die Ihrer Ansicht nach die Unterst\u00fctzung des B\u00fcrgervereins ben\u00f6tigen oder die viel f\u00fcr die Allgemeinheit tun und ein kleines &#8222;Dankesch\u00f6n&#8220; verdient haben.<\/p>\n\n\n\n<p>Sie k\u00f6nnen uns aber auch Feedback zu unseren bisherigen Aktionen geben oder uns mit Anregungen und Verbesserungsvorschl\u00e4gen helfen, unsere Arbeit noch besser zu machen.<\/p>\n\n\n\n<p>Seien sie jedoch in jedem Fall versichert, dass Ihre Angaben h\u00f6chst vertraulich behandelt werden.<\/p>\n\n\n\n<hr class=\"wp-block-separator has-alpha-channel-opacity\"\/>\n\n\n\n<div class=\"wp-block-contact-form-7-contact-form-selector\">\n<div class=\"wpcf7 no-js\" id=\"wpcf7-f376-o1\" lang=\"de-DE\" dir=\"ltr\">\n<div class=\"screen-reader-response\"><p role=\"status\" aria-live=\"polite\" aria-atomic=\"true\"><\/p> <ul><\/ul><\/div>\n<form action=\"\/index.php?rest_route=%2Fwp%2Fv2%2Fpages%2F31#wpcf7-f376-o1\" method=\"post\" class=\"wpcf7-form init\" aria-label=\"Kontaktformular\" novalidate=\"novalidate\" data-status=\"init\">\n<div style=\"display: none;\">\n<input type=\"hidden\" name=\"_wpcf7\" value=\"376\" \/>\n<input type=\"hidden\" name=\"_wpcf7_version\" value=\"5.7.4\" \/>\n<input type=\"hidden\" name=\"_wpcf7_locale\" value=\"de_DE\" \/>\n<input type=\"hidden\" name=\"_wpcf7_unit_tag\" value=\"wpcf7-f376-o1\" \/>\n<input type=\"hidden\" name=\"_wpcf7_container_post\" value=\"0\" \/>\n<input type=\"hidden\" name=\"_wpcf7_posted_data_hash\" value=\"\" \/>\n<\/div>\n<p><label> Ihr Name<br \/>\n<span class=\"wpcf7-form-control-wrap\" data-name=\"your-name\"><input size=\"40\" class=\"wpcf7-form-control wpcf7-text wpcf7-validates-as-required\" autocomplete=\"name\" aria-required=\"true\" aria-invalid=\"false\" value=\"\" type=\"text\" name=\"your-name\" \/><\/span> <\/label>\n<\/p>\n<p><label> Ihre E-Mail-Adresse<br \/>\n<span class=\"wpcf7-form-control-wrap\" data-name=\"your-email\"><input size=\"40\" class=\"wpcf7-form-control wpcf7-text wpcf7-email wpcf7-validates-as-required wpcf7-validates-as-email\" autocomplete=\"email\" aria-required=\"true\" aria-invalid=\"false\" value=\"\" type=\"email\" name=\"your-email\" \/><\/span> <\/label>\n<\/p>\n<p><label> Betreff<br \/>\n<span class=\"wpcf7-form-control-wrap\" data-name=\"your-subject\"><input size=\"40\" class=\"wpcf7-form-control wpcf7-text wpcf7-validates-as-required\" aria-required=\"true\" aria-invalid=\"false\" value=\"\" type=\"text\" name=\"your-subject\" \/><\/span> <\/label>\n<\/p>\n<p><label> Ihre Nachricht (optional)<br \/>\n<span class=\"wpcf7-form-control-wrap\" data-name=\"your-message\"><textarea cols=\"40\" rows=\"10\" class=\"wpcf7-form-control wpcf7-textarea\" aria-invalid=\"false\" name=\"your-message\"><\/textarea><\/span> <\/label>\n<\/p>\n<p><input class=\"wpcf7-form-control has-spinner wpcf7-submit\" type=\"submit\" value=\"Senden\" \/>\n<\/p><p style=\"display: none !important;\" class=\"akismet-fields-container\" data-prefix=\"_wpcf7_ak_\"><label>&#916;<textarea name=\"_wpcf7_ak_hp_textarea\" cols=\"45\" rows=\"8\" maxlength=\"100\"><\/textarea><\/label><input type=\"hidden\" id=\"ak_js_1\" name=\"_wpcf7_ak_js\" value=\"243\"\/><script>document.getElementById( \"ak_js_1\" ).setAttribute( \"value\", ( new Date() ).getTime() );<\/script><\/p><div class=\"wpcf7-response-output\" aria-hidden=\"true\"><\/div>\n<\/form>\n<\/div>\n<\/div>\n\n\n\n<hr class=\"wp-block-separator has-alpha-channel-opacity\"\/>\n\n\n\n<p><strong>Ab jetzt sind wir auch \u00fcber WhatsApp erreichbar!<\/strong><\/p>\n\n\n\n<figure class=\"wp-block-image size-large is-resized\"><img loading=\"lazy\" decoding=\"async\" src=\"http:\/\/xn--brgerverein-miteinander-freinander-btdy.de\/wp-content\/uploads\/2021\/01\/WhatsApp-Logo.png\" alt=\"\" class=\"wp-image-204\" width=\"71\" height=\"71\" srcset=\"http:\/\/xn--brgerverein-miteinander-freinander-btdy.de\/wp-content\/uploads\/2021\/01\/WhatsApp-Logo.png 500w, http:\/\/xn--brgerverein-miteinander-freinander-btdy.de\/wp-content\/uploads\/2021\/01\/WhatsApp-Logo-300x300.png 300w, http:\/\/xn--brgerverein-miteinander-freinander-btdy.de\/wp-content\/uploads\/2021\/01\/WhatsApp-Logo-150x150.png 150w\" sizes=\"auto, (max-width: 71px) 100vw, 71px\" \/><\/figure>\n\n\n\n<p><\/p>\n\n\n\n<p style=\"font-size:31px\">+49 1573 9348435<\/p>\n\n\n\n<div class=\"wp-block-button\"><a class=\"wp-block-button__link button wp-element-button\" href=\"http:\/\/xn--brgerverein-miteinander-freinander-btdy.de\/\">Zur\u00fcck zur Startseite<\/a><\/div>\n\n\n\n<p><\/p>\n","protected":false},"excerpt":{"rendered":"<div class=\"entry-summary\">\nHier finden Sie unser Kontaktformular. Sie k\u00f6nnen hier auf B\u00fcrger aufmerksam machen, die Ihrer Ansicht nach die Unterst\u00fctzung des B\u00fcrgervereins ben\u00f6tigen oder die viel f\u00fcr die Allgemeinheit tun und ein kleines &#8222;Dankesch\u00f6n&#8220; verdient haben. Sie k\u00f6nnen uns aber auch Feedback&hellip;\n<\/div>\n<div class=\"link-more\"><a href=\"http:\/\/xn--brgerverein-miteinander-freinander-btdy.de\/?page_id=31\" class=\"more-link\">Continue reading<span class=\"screen-reader-text\"> &ldquo;Kontakt&rdquo;<\/span>&hellip;<\/a><\/div>\n","protected":false},"author":1,"featured_media":0,"parent":0,"menu_order":3,"comment_status":"closed","ping_status":"closed","template":"","meta":{"footnotes":""},"class_list":["post-31","page","type-page","status-publish","hentry","entry"],"_links":{"self":[{"href":"http:\/\/xn--brgerverein-miteinander-freinander-btdy.de\/index.php?rest_route=\/wp\/v2\/pages\/31","targetHints":{"allow":["GET"]}}],"collection":[{"href":"http:\/\/xn--brgerverein-miteinander-freinander-btdy.de\/index.php?rest_route=\/wp\/v2\/pages"}],"about":[{"href":"http:\/\/xn--brgerverein-miteinander-freinander-btdy.de\/index.php?rest_route=\/wp\/v2\/types\/page"}],"author":[{"embeddable":true,"href":"http:\/\/xn--brgerverein-miteinander-freinander-btdy.de\/index.php?rest_route=\/wp\/v2\/users\/1"}],"replies":[{"embeddable":true,"href":"http:\/\/xn--brgerverein-miteinander-freinander-btdy.de\/index.php?rest_route=%2Fwp%2Fv2%2Fcomments&post=31"}],"version-history":[{"count":10,"href":"http:\/\/xn--brgerverein-miteinander-freinander-btdy.de\/index.php?rest_route=\/wp\/v2\/pages\/31\/revisions"}],"predecessor-version":[{"id":382,"href":"http:\/\/xn--brgerverein-miteinander-freinander-btdy.de\/index.php?rest_route=\/wp\/v2\/pages\/31\/revisions\/382"}],"wp:attachment":[{"href":"http:\/\/xn--brgerverein-miteinander-freinander-btdy.de\/index.php?rest_route=%2Fwp%2Fv2%2Fmedia&parent=31"}],"curies":[{"name":"wp","href":"https:\/\/api.w.org\/{rel}","templated":true}]}}